 - 74/(-6)?
11
Let g(w) = w + 21. Let s be g(-20). Let k(j) = -9*j. What is the remainder when (1/s)/((-11)/(-22))*17 is divided by k(-2)?
16
Let x(w) = -5*w + 49. Let n be (-2)/8 - 350/8. Calculate the remainder when (-1359)/(-33) + 8/n is divided by x(7).
13
Suppose -4*j + 4*w = -72, 5*j - 3*w + 35 = 127. Suppose 0 = 3*g - r - 10 - 2, 2*r = 0. Calculate the remainder when j is divided by g.
3
What is the remainder when 472 is divided by (0 + -1)*((-56)/7 + -35)?
42
Let f be (2*6/(-16))/(6/(-1368)). Suppose 4*k = -5*k + f. What is the remainder when 36 is divided by k?
17
Let w(n) = n**3 + 7*n**2 - 9*n + 5. Let s = 237 - 229. What is the remainder when w(-8) is divided by s?
5
Let o(p) = -3*p - 10. Suppose -24*j = -20*j + 28. Suppose 2*d = 3*d - 29. What is the remainder when d is divided by o(j)?
7
Suppose -20 = 4*j, 926 = 2*b + 27*j - 31*j. Calculate the remainder when b is divided by 35.
33
Suppose c - p = 6*c - 19, 4*c - 19 = 3*p. Suppose 3*b + c*u = 21, 2*b + u + 14 = 4*b. Calculate the remainder when 31 is divided by b.
3
Suppose 9*v - 33*v = -2016. Calculate the remainder when v is divided by 17.
16
Let i(k) = 14*k**2 - 17*k + 8. Let m(c) = -41*c**2 + 49*c - 24. Let g(x) = -17*i(x) - 6*m(x). What is the remainder when g(3) is divided by 34?
31
Let g(r) = -24*r - 4. Let t be g(-4). Suppose -10*x + t = 12. Calculate the remainder when 20 is divided by x.
4
Let m(o) = o**3 - 38*o**2 - 35*o - 106. What is the remainder when 140 is divided by m(39)?
40
Suppose 1790*a = 1789*a + 1271. What is the remainder when a is divided by 13?
10
Suppose -3891 = -15*i + 1824. What is the remainder when i is divided by 24?
21
Suppose 507 = -7*g + 605. Let i = 14 + 37. Suppose -y = d - 4*y - 43, -y = -d + i. Calculate the remainder when d is divided by g.
13
Let f = -33 + 47. Let i = 4 + f. Suppose 0 = 2*p + 2*j - 3 + 1, -2*p + j = -11. Calculate the remainder when i is divided by p.
2
Suppose -17 = -5*m + 28. Suppose -5*d - 4*d = -135. Calculate the remainder when d is divided by m.
6
Suppose 2*z - 23 = 3*u, 0*z - 54 = -4*z - 2*u. Calculate the remainder when 350 is divided by z.
12
Let g(w) = 5*w**2 - 10*w + 54. Calculate the remainder when g(7) is divided by 77.
75
Suppose 99*u - 16785 = 84*u. Calculate the remainder when u is divided by 17.
14
Let u(m) = 5*m - 47. Let z = 6 + -2. Suppose i + 360 = 5*i - 2*p, -3*p = z*i - 350. What is the remainder when i is divided by u(13)?
17
Let d = 235 - 235. Let z(k) = k**3 - k**2 - k + 15. Calculate the remainder when ((-4)/6 + d)/(18/(-783)) is divided by z(0).
14
Let l = -39 - -312. Calculate the remainder when l is divided by 12.
9
What is the remainder when 113 is divided by (1/10 - (-104)/260)*76?
37
Suppose 9*b - 19 = 71. Calculate the remainder when 372/b - 12/60 is divided by 8.
5
Suppose 69 = 112*q - 111*q. Calculate the remainder when q is divided by 14.
13
Suppose 20*c - 19*c = 952. Calculate the remainder when c is divided by 53.
51
Suppose 0 = -3*s - 3*r + 195 - 24, s - 37 = 4*r. What is the remainder when s is divided by 13?
1
Suppose -15*k = -10*k + 5, 4*k = -3*x + 56. Calculate the remainder when 1817 is divided by x.
17
Suppose -3*o + 45 = -0*o. Let v = 11 - -8. Suppose -o*d = -v*d + 16. What is the remainder when d is divided by 1?
0
Suppose -360 = -0*p - 3*p. What is the remainder when p is divided by 19?
6
Let c be (2/9*267)/((-2)/(-3)). Let h = c + -23. What is the remainder when h is divided by 24?
18
Let a(q) = 17*q - 5. Let d = 174 - 145. What is the remainder when a(7) is divided by d?
27
Let n = -16 + 30. Calculate the remainder when 16/64 + 103/4 is divided by n.
12
Let w = 18 - -6. Suppose 3*y - 2 = -8. Calculate the remainder when 3 + 67*(-2)/y is divided by w.
22
Suppose 2*m + 64 = 4*m. Suppose -4*g = -7*j + 4*j + m, -2*j = 4*g + 12. Let w = g + 17. What is the remainder when 34 is divided by w?
10
Let b(j) = -5*j**2 + j**2 + 6 - 5*j + 5*j**2. Let m = 10 - 5. What is the remainder when 16 is divided by b(m)?
4
Suppose 5*g - 16 = g. Suppose 9*h = g*h + 1475. Suppose 6*v = v + h. Calculate the remainder when v is divided by 15.
14
Suppose -4*t - 3*y + 9 = 0, 4*t + 4 - 15 = -y. Suppose -4*m - 5*x = -18, 2*m + 0*x + x = 12. What is the remainder when m is divided by t?
1
Let i(g) be the first derivative of -g**2/2 + 36*g + 15. Calculate the remainder when i(11) is divided by 4.
1
What is the remainder when 19 is divided by (0 - 4)/((-64)/160)?
9
Let i(d) = -47*d - 820. Calculate the remainder when 201 is divided by i(-18).
19
Let j = 305 + -301. Suppose 0 = 5*f - f. Suppose j*n = -f*n + 20. What is the remainder when 18 is divided by n?
3
Calculate the remainder when 180 is divided by 2 - ((-426)/10 - (-10)/(-25)).
0
Suppose 0 = -40*g + 637 + 1363. Calculate the remainder when 72 is divided by g.
22
Let b be 0 - (0 - (-1 + 0)). Calculate the remainder when (-542)/(-14) + 8/28 is divided by 4 + -5 + (-9)/b.
7
Let c(m) = -m**2 - 62*m - 626. Suppose f + 0*f = 20. What is the remainder when f is divided by c(-13)?
9
What is the remainder when 222 is divided by (120/(-50) + 1)/((-2)/70)?
26
Let u(m) = -m - 1. Let t be u(-12). Let n = t - 5. Suppose -v - n + 27 = 0. Calculate the remainder when 81 is divided by v.
18
What is the remainder when 865 is divided by (-837)/(-36)*(-24)/(-9)?
59
Let l be (-2 - (0 + -1))*0. Suppose l = -4*t + 29 + 23. Suppose -687 + 1737 = 21*a. What is the remainder when a is divided by t?
11
Let f(p) = -7*p - 10. Let a be (-5)/(-2) - (-6)/(-12). Suppose 0 = -3*n - 3*z - 27, 18 - a = n - 4*z. What is the remainder when 33 is divided by f(n)?
15
Suppose 136 + 83 = 2*n + 5*v, -453 = -4*n + 5*v. What is the remainder when n is divided by 71?
41
Let r(l) = 3*l - 29. Let h be r(18). Suppose 40*x + h = 45*x. What is the remainder when 27 is divided by x?
2
Let a be (1 + (-9)/15)*-5. Let r(g) be the second derivative of -9*g**5/20 - g**4/6 - g**2/2 - 7*g. Calculate the remainder when r(a) is divided by 16.
15
Suppose -4*z + 0*z + 6696 = 0. Let f = 41 - 36. What is the remainder when (-1)/f - z/(-45) is divided by 20?
17
Suppose 0*d = d - 28. Suppose -4*o - 2 = -x + o, -o = -5*x + 10. Suppose -8 = -x*m, -5*m + 43 = 2*l + 11. Calculate the remainder when d is divided by l.
4
Let v(r) be the third derivative of 0*r + 2/3*r**3 + 1/60*r**5 + 0*r**4 + 1/120*r**6 + 0 + 4*r**2. What is the remainder when 15 is divided by v(0)?
3
Let y(l) = 10*l - 26. What is the remainder when 167 is divided by y(6)?
31
Let n = 220 + -179. What is the remainder when n is divided by 4?
1
Let g(k) = -k**2 + 10*k + 17. Let u be g(11). Let l = 8 + u. What is the remainder when l is divided by 8?
6
Calculate the remainder when 131 is divided by -5*3/5 - 18/(-2).
5
Let n(k) = k**3 - 2*k**2 - k + 22. What is the remainder when n(4) is divided by 21?
8
Let b(d) = -d**3 - 7*d**2 - 6*d + 4. Let j be b(-5). Let t(a) = a + 35. Let l = 190 - 134. What is the remainder when l is divided by t(j)?
18
Suppose 0 = -n + 4*v + 45, -5*n - 17*v + 156 = -14*v. What is the remainder when 226 is divided by n?
28
What is the remainder when ((-4)/(-34) + 483/(-782))*-76 is divided by 13?
12
Suppose -3*b + 11 + 12 = o, 31 = 3*b - o. Let c = 20 - b. Let d = c - 10. Calculate the remainder when 3 is divided by d.
0
Let o(q) = 6*q - 8. Let s be o(2). Calculate the remainder when s*1 + (-10 - -75) is divided by 14.
13
Let h = -15 + 60. Suppose 0 = 6*w - w - h. Let v(k) = -16*k**3 + 2*k + 1. Calculate the remainder when v(-1) is divided by w.
6
Suppose 6*d = d + 15, -x - 4*d + 12 = 0. Suppose -j - j + 158 = x. Calculate the remainder when j is divided by 27.
25
Let v(y) = -y**2 + 6*y + 3. Calculate the remainder when 25 + -7 + (-6 - 1) is divided by v(6).
2
Suppose -w - 905 = -920. Calculate the remainder when 39*(-1)/(-2)*2 is divided by w.
9
Suppose -3 - 55 = -3*a - 5*o, a - 4*o - 8 = 0. Calculate the remainder when 104 is divided by a.
8
Let w(z) = 6*z**2 - 90*z + 13. What is the remainder when w(17) is divided by 73?
71
Let u(a) = -6*a + 88. What is the remainder when 90 is divided by u(11)?
2
Suppose -52 = -8*o + 3*o - 3*v, v = -1. Let a(c) = -c**2 + 2*c + 4. Let p be a(5). Let z = 18 + p. What is the remainder when o is divided by z?
4
Suppose -375 + 1311 = 13*k. Let f = -26 - -45. What is the remainder when k is divide